{"id":5110,"date":"2017-01-26T14:37:05","date_gmt":"2017-01-26T13:37:05","guid":{"rendered":"http:\/\/www-2024.amministrazionetrasparente.uniroma2.it\/?page_id=5110"},"modified":"2024-04-09T14:18:17","modified_gmt":"2024-04-09T12:18:17","slug":"accesso-civico-generalizzato-concernente-dati-e-documenti-ulteriori","status":"publish","type":"page","link":"https:\/\/www-2024.amministrazionetrasparente.uniroma2.it\/?page_id=5110","title":{"rendered":"Accesso civico &#8220;generalizzato&#8221; concernente dati e documenti ulteriori"},"content":{"rendered":"<p>La richiesta di accesso civico generalizzato, disciplinata dagli artt. 5, co.2, 5 bis e 5 ter del D. Lgs. 33\/2013, pu\u00f2 essere presentata, anche per via telematica secondo le modalit\u00e0 previste dal D.Lgs. 82\/2005 \u2013 art. 65, mediante invio della richiesta a:<\/p>\n<p><strong><a href=\"http:\/\/urp.uniroma2.it\/\">Ufficio Relazioni con il Pubblico (URP)<\/a><\/strong><\/p>\n<p><strong>Indirizzo<br \/>\n<\/strong>L\u2019ufficio \u00e8 operativo presso la nuova sede\u00a0Edificio \u201cC\u201d \u2013 Livello 1<br \/>\nVia Cracovia, 50 \u2013 00133 Roma<\/p>\n<p><strong>Orari di apertura al pubblico<br \/>\n<\/strong>dal luned\u00ec al venerd\u00ec dalle 09.00 alle 13.00 marted\u00ec e gioved\u00ec dalle 14.00 alle 16.00<\/p>\n<p><strong><em>e-mail:<\/em><\/strong>\u00a0<a href=\"mailto:relazioni.pubblico@uniroma2.it\">relazioni.pubblico@uniroma2.it<\/a><\/p>\n<p style=\"text-align: justify;\">L\u2019ufficio deputato alla gestione dell\u2019accesso civico generalizzato \u00e8 l\u2019URP che provveder\u00e0 in conformit\u00e0 agli artt. 5, co. 2, 5 bis e 5 ter del D.lgs. 33\/2013.<\/p>\n<p style=\"text-align: justify;\">Il rilascio di dati o documenti in formato elettronico o cartaceo \u00e8 gratuito, salvo il rimborso del costo effettivamente sostenuto e documentato dall\u2019ente per la riproduzione su supporti materiali.<\/p>\n<p style=\"text-align: justify;\">Il procedimento di accesso civico si conclude nel termine di 30 giorni dalla presentazione dell\u2019istanza con la comunicazione al richiedente e agli eventuali controinteressati; il predetto termine resta sospeso in caso di eventuale opposizione dei controinteressati.<\/p>\n<p style=\"text-align: justify;\">Nei casi di diniego totale o parziale dell\u2019accesso o di mancata risposta entro il termine indicato, il richiedente pu\u00f2 presentare richiesta di riesame al RPCT che decide con provvedimento motivato.<\/p>\n<p style=\"text-align: justify;\">Avverso la decisione dell\u2019ente o, in caso di richiesta di riesame, avverso quella del RPCT, il richiedente pu\u00f2 proporre ricorso al Tribunale amministrativo regionale ai sensi dell\u2019articolo 116 del Codice del processo amministrativo di cui al decreto legislativo 2 luglio 2010, n. 104.<\/p>\n<p><a href=\"https:\/\/www-2024.amministrazionetrasparente.uniroma2.it\/wp-content\/uploads\/2024\/04\/accesso-civico-generalizzato-2024.pdf\">Modulo accesso civico generalizzato (pdf)<\/a><\/p>\n<p><a href=\"https:\/\/amministrazionetrasparente.uniroma2.it\/wp-content\/uploads\/2024\/04\/accesso-civico-generalizzato-2024.docx\">Modulo accesso civico generalizzato (docx)\u00a0<\/a><\/p>\n<p><a href=\"https:\/\/www-2024.amministrazionetrasparente.uniroma2.it\/wp-content\/uploads\/2024\/04\/istanza-di-riesame-2024.pdf\">Modulo per istanza di riesame accesso civico RPCT<\/a><\/p>\n<p><a href=\"https:\/\/amministrazionetrasparente.uniroma2.it\/wp-content\/uploads\/2024\/04\/istanza-di-riesame-2024.docx\">Modulo per istanza di riesame accesso civico RPCT (docx)\u00a0<\/a><\/p>\n","protected":false},"excerpt":{"rendered":"<p>La richiesta di accesso civico generalizzato, disciplinata dagli artt. 5, co.2, 5 bis e 5 ter del D. Lgs. 33\/2013, pu\u00f2 essere presentata, anche per via telematica secondo le modalit\u00e0 previste dal D.Lgs. 82\/2005 \u2013 art. 65, mediante invio della richiesta a: Ufficio Relazioni con il Pubblico (URP) Indirizzo L\u2019ufficio \u00e8 operativo presso la nuova [&hellip;]<\/p>\n","protected":false},"author":1,"featured_media":0,"parent":1311,"menu_order":0,"comment_status":"closed","ping_status":"closed","template":"sidebar-page.php","meta":{"footnotes":""},"class_list":["post-5110","page","type-page","status-publish","hentry"],"_links":{"self":[{"href":"https:\/\/www-2024.amministrazionetrasparente.uniroma2.it\/index.php?rest_route=\/wp\/v2\/pages\/5110","targetHints":{"allow":["GET"]}}],"collection":[{"href":"https:\/\/www-2024.amministrazionetrasparente.uniroma2.it\/index.php?rest_route=\/wp\/v2\/pages"}],"about":[{"href":"https:\/\/www-2024.amministrazionetrasparente.uniroma2.it\/index.php?rest_route=\/wp\/v2\/types\/page"}],"author":[{"embeddable":true,"href":"https:\/\/www-2024.amministrazionetrasparente.uniroma2.it\/index.php?rest_route=\/wp\/v2\/users\/1"}],"replies":[{"embeddable":true,"href":"https:\/\/www-2024.amministrazionetrasparente.uniroma2.it\/index.php?rest_route=%2Fwp%2Fv2%2Fcomments&post=5110"}],"version-history":[{"count":18,"href":"https:\/\/www-2024.amministrazionetrasparente.uniroma2.it\/index.php?rest_route=\/wp\/v2\/pages\/5110\/revisions"}],"predecessor-version":[{"id":11145,"href":"https:\/\/www-2024.amministrazionetrasparente.uniroma2.it\/index.php?rest_route=\/wp\/v2\/pages\/5110\/revisions\/11145"}],"up":[{"embeddable":true,"href":"https:\/\/www-2024.amministrazionetrasparente.uniroma2.it\/index.php?rest_route=\/wp\/v2\/pages\/1311"}],"wp:attachment":[{"href":"https:\/\/www-2024.amministrazionetrasparente.uniroma2.it\/index.php?rest_route=%2Fwp%2Fv2%2Fmedia&parent=5110"}],"curies":[{"name":"wp","href":"https:\/\/api.w.org\/{rel}","templated":true}]}}